 + -22?
-16
Calculate (-12 - -12) + (-21 + 3 - -17).
-1
What is the value of 7 + -7 + 7 - 16 - -3?
-6
What is (1 - (-9 - (-15 + 20))) + 7?
22
19 + (22 - 18 - 15)
8
(-2 - (-8 - (-7 + -12))) + 36
23
What is the value of 2 + -7 + 2 + (-1 - -1) + -1?
-4
Calculate -30 - (6 + 2 + -15) - -8.
-15
What is (-9 - 5 - 7) + 4 + 8?
-9
Evaluate -15 - (-18 - -7) - -9.
5
Evaluate 6 + 12 + 8 + -4 + -16 - 4.
2
(-32 - -27 - (4 + 1)) + -17
-27
Evaluate (-2 - 2) + (-20 - -9) + (-15 - -20).
-10
Calculate -10 - 2 - ((-35 - -10) + 17).
-4
What is -26 + 51 + (-8 + -2 - -3) + -3?
15
What is the value of -20 + -13 - -1 - -20?
-12
What is the value of 5 + (-10 - (-5 - -16)) + 8?
-8
What is the value of -8 - (-1 - (-9 - 4) - 9)?
-11
Calculate -17 - 1 - (-239 + 226).
-5
What is the value of (12 - -8) + (7 - -1 - (21 + -14))?
21
What is the value of (1 - -11) + (-53 - -53)?
12
What is 7 + (-10 - -4) + -1?
0
Evaluate -18 - (0 - (10 - 1)).
-9
Evaluate 5 + 27 + -16 + (0 - -4).
20
Evaluate -37 - ((16 - 14) + -21).
-18
(-5 - 65) + (41 - 1)
-30
What is the value of 12 - (10 + -1 + -3)?
6
What is the value of -4 - -1 - 1 - (-25 - (-18 + -6))?
-3
Evaluate 1 + 21 + -9 + (9 - 8) + 1.
15
What is the value of -3 - (-1 + 14 + (-8 + 2 - 0))?
-10
(-12 - 0 - (2 - (-11 - -12))) + 2
-11
What is the value of -1 - (2 - (4 + 8))?
9
What is the value of (4 + 7 - (-1 - -9) - -15) + -7?
11
Calculate -7 - -1 - (-93 - -78 - (0 + -14)).
-5
What is the value of 18 - ((25 - 13) + 7 + -13)?
12
Calculate (32 + -33 - (-3 - 3)) + -2.
3
420 + -433 + 1 + 24
12
What is the value of (-3 - (16 - 7)) + -2 - -10?
-4
Calculate 12 + (-7 - ((-7 - -11) + 8) - 6).
-13
Evaluate -50 + 52 + 8 + -2.
8
What is -8 - (-5 + (27 - -2))?
-32
What is the value of (-20 - -6) + 4 - -24?
14
What is the value of 13 + -1 + -6 + -1 + -1?
4
What is -1 + (-16 - -22) + 19 - -10?
34
1 + 1 - (-2 + 10 + -18)
12
Evaluate -1 + 18 - ((-15 - 2) + 28 - 1).
7
-1 - ((-3 - -6) + 7) - 2
-13
What is the value of 11 - (17 - 0 - 12)?
6
What is the value of 0 + -25 + (15 - 16)?
-26
What is the value of -3 + -2 - (19 - (-9 - -43)) - 14?
-4
Calculate 5 + -8 - (8 + (-3 - 1)).
-7
What is the value of -6 + (3 + -3 + 6 - 5) - -3?
-2
6 + -4 + -1 + 11
12
What is the value of (-257 + 277 - (1 - -15)) + 13?
17
Calculate -14 + (-4 - -5 - -8).
-5
-14 + -2 + (13 - 15 - -10)
-8
0 + 4 - (-24 + 37)
-9
-3 - (-21 + 0 - -1 - 0 - -5)
12
Evaluate 162 + -161 + (-24 - -2).
-21
-22 + 0 - (-5 + 35 + -36)
-16
-3 + -2 - 0 - (-60 + 53)
2
Evaluate -17 + 3 + 10 + 10.
6
Evaluate -16 + 11 + -9 - -11.
-3
-2 - 16 - (1 + -1 + -8 + 3)
-13
Evaluate 13 - -3 - (0 + -13 + 0 - -12).
17
What is 479 + -469 - (-1 + -2)?
13
-13 + (12 + -8 - 0) - -26
17
What is the value of -10 + 2 + (-9 - -7) + 0?
-10
What is the value of (1 - 7) + (-6 + -4 - (3 - 6))?
-13
What is -9 + (28 - (3 - -6))?
10
Evaluate (-1 - 3) + (68 - 74) - -24.
14
What is -18 + 2 - ((2 - -12 - 19) + -2)?
-9
Evaluate -8 + (-1 - -7 - (6 - 10)) + -9.
-7
Calculate 36 + -54 + 5 + -14.
-27
What is the value of 3 + (1 - 5) - (-2 - (0 + 1))?
2
What is the value of -6 + (-21 - -9) - -4?
-14
What is (42 - 30) + (-37 - -24 - (-1 - 2))?
2
Evaluate -5 + -16 + 42 + -24.
-3
8 + (2 + -21 - 3)
-14
What is the value of 2 + -43 - -13 - -11?
-17
Evaluate (12 + -1 - 4) + 2.
9
What is the value of 9 - ((-15 - -19) + -10)?
15
Calculate 3 - (1 + (-7 - 0) + (93 - 87)).
3
Calculate 11 + (-9 - -7) - (13 + (29 - 10)).
-23
What is the value of (49 - 37) + (-2 - -1 - -2)?
13
9 + -9 - (7 - 1 - -8)
-14
Calculate 16 - (-265 + 286 - (-1 - -42)).
36
Evaluate (-32 - -39) + 3 + -1.
9
What is -46 - -8 - -40 - (-2 - -2 - 5)?
7
What is the value of -11 - (9 - 14) - (-23 - 5)?
22
Evaluate -48 + 43 + -21 + -2 + 7.
-21
What is 15 - 17 - (33 - 35)?
0
Calculate 3 + (-21 - (-3 + -7)) + 28 - 10.
10
What is the value of 802 + -787 + (13 + 0 + 1 - 3)?
26
What is 1 + (20 - 2 - 37)?
-18
(155 - 137) + (-2 - -3)
19
What is the value of (34 - 33 - 2) + 4 + 0?
3
Calculate (-1 + (-3 - -6) - -20) + (-8 - 1).
13
-5 - (3 + (-14 + -4 - -13))
-3
-4 - (2 - (-12 + (-10 - -17 - 4)))
-15
What is -17 + (-9 + 16 + -3 - -4)?
-9
What is the value of -12 - (6 + 6 + -10 + 15)?
-29
Evaluate 18 - (-4 - -16) - 25.
-19
Calculate 2 + 4 - (-10 - (2 + -11)).
7
What is the value of 16 + -7 - 25 - -12?
-4
What is the value of ((-17 - -3) + 25 - (3 - 13)) + 7?
28
What is 1 - (-8 - (-5 - (1 + 4 + -7)))?
6
Calculate 1 - ((-2 - (-2 - -15)) + -4 + 0).
20
Evaluate 10 - (-18 + -20 + 35).
13
-1 - (11 + (1 - 37))
24
What is the value of 14 + -13 + 11 + -4?
8
What is 25 + -18 + -4 + (-23 - (0 - -3))?
-23
Calculate 10 - (23 + 17 - 13 - 13).
-4
Calculate (-1 + -13 - -3) + -17 + 4.
-24
(-61 - -52) + 3 + 8 + 8
10
0 - (-1 + -20) - ((-30 - -18) + 19)
14
-3 + -1 + (-721 - -716)
-9
Evaluate -42 - (-13 + -7) - -12.
-10
Evaluate (0 - 22) + (1739 - 1710).
7
Evaluate 2 - 16 - (3 - 43) - -3.
29
What is the value of 8 - (2 - (-31 + 0 + 10))?
-15
Calculate 4 + -8 + -3 - -19.
12
Evaluate 17 - (36 - 18) - 3.
-4
Evaluate 20 + -17 - -1 - -5.
9
What is 51 + -80 + (1 - 1 - -6)?
-23
What is (-4 - (0 - 6) - 7) + 0 + 0?
-5
Evaluate -17 + (-1 - -14) + (-4 - -1).
-7
What is 4 + -8 + -2 + 79 + -81?
-8
Calculate 0 + 27 - 49 - -7.
-15
What is 2 + (-48 + 51 - (6 - -1)) + -4?
-6
What is -1 - (15 + -2 + -1)?
-13
Evaluate (-1 - 0) + 92 + -97 - -13.
7
What is (-23 - -5) + (58 - 24)?
16
-1 + 18 - 2 - (-228 + 241)
2
What is -38 - (-31 - -19) - -12?
-14
3 + -7 + 27 + 7 + -7
23
What is 19 + -46 + 38 + (1 - 3)?
9
Evaluate -46 + (66 - 13 - 23).
-16
Evaluate (4 - -13 - 29) + 15.
3
-1 - -2 - (17 + -21 + 3 + -9)
11
-1 + 27 + (-171 - -134)
-11
116 + -115 - (1 - 4)
4
Evaluate (7 - (1 + 9)) + (-1 - 0) + 7.
3
What is 1 + -4 - (-3 + -10 + 24 + -4)?
-10
-9 + 5 - ((-4 - -9) + (-2 - -5))
-12
Calculate -7 + (-10 - (-6 + 2)).
-13
0 - 2 - (9 + -18 - -1)
6
Evaluate (-37 - -29) + -9 + -13.
-30
Evaluate 8 + (4 - (15 + (3 - 12))) + 11.
17
Calculate -15 + (6 - (11 - 17)) - (0 + -1).
-2
Evaluate 0 + (-9 - 2 - (19 + -30)).
0
What is 1 + (10 - -4) + -3 + -2?
10
What is -3 + 1 + (7 - 22) - (7 - 8)?
-16
Calculate (-2 - (-12 + 4)) + (31 - 38).
-1
What is 10 - (-31 - -9) - 15?
17
-24 - (-64 + 23) - 5
12
What is the value of -3 + (-10 + 0 - 0)?
-13
What is 12 + 0 + (-30 - -14) + 8?
4
What is the value of -365 + 368 - (2 + 10 + -2)?
-7
(-17 - (8 + -4 - -1)) + 2 - -8
-12
(-29 - -50) + -14 + 12 + (0 - 0)
19
What is 16 - (10 + (-16 - 9 - -4))?
27
Calculate -4 + (4 + 1 - 11).
-10
Calculate -13 + 8 + (2 - -2) + 3 + -12.
-10
5 + (-4 - -4 - 2) + -10
-7
What is the value of (0 - 16) + -834 + 819?
-31
What is (-15 - (1 - (-6 + -6 + 21))) + 9?
2
-11 - (22 - (6 + 41))
14
Calculate 20 + -22 - (6 - (6 + (-13 - -3))).
-12
What is the value of (-2 + (-3 - -5) - -3) + -7?
-4
31 - (5 - -5) - 7
14
What is the value of -47 - (17 - 50) - (-1 + 7)?
-20
What is 10 - (-5 + -8 + -15) - 18?
20
(14 + -15 - 20) + 43
22
-6 + 21 + -5 + (-14 - -14)
10
Calculate (-22 - -12) + (0 - (-4 + 3 + -4)).
-5
What is the value of 17 - (19 - 14) - 2?
10
What is the value of 21 + -26 + 8 - 7?
-4
What is the value of -16 + (25 - 12) + (2 - -2) + 35?
36
Calculate 14 + ((-3 - -2) + -6 - -1 - -5).
13
Calculate 0 - 9 - (1 + 2 + -9).
-3
Evaluate 1 - 12 - ((-14 - -34) + -36).
5
What is 16 - 16 - (5 + -1 + 11)?
-15
What is -2 - 7 - (-2 + -1 - -4)?
-10
What is 7 + ((3 - (2 - 4)) + 5 - 1)?
16
What is the value of -3 - -18 - (39 + -10)?
-14
What is 19 + -7 + -17 - -4?
-1
Evaluate 11 + 1 + (-24 - -14).
2
Evaluate (0 - 0) + -1 - (65 - 63).
-3
What is the value of 4 + -12 + (-10 - 0) + -6?
-24
Evaluate -4 + -6 + 3 - (53 - 68).
8
(-10 + 12 + 1 - 14) + 36
25
What is 8 + 11 - 32 - 4?
-17
What is 91 + -77 - (1 + (-3 - -11))?
5
-12 - (0 - (5 + 4))
-3
(-126 - -128) + (1 - -1)
4
-3 - 1 - (-152 + 164) - -5
-11
What is -14 + -8 + (-15 - -15 - -6)?
-16
-10 + 5 - 5 - -21
11
-57 + 48 + (-12 - -2) + -6
-25
Calculate 11 + 8 + -9 + 0 - (3 - -2).
5
Calculate -31 - (-23 - -1 - 12).
3
Calculate 32 + -1 - (92 - 87).
26
-2 + -35 + 41 + (3 - -11)
18
11 + 0 + -3 + -16 + 10 - 22
-20
What is 2 - 6 - (-8 - 0 - (237 + -255))?
-14
Calculate 8 + 6 + -10 + 7.
11
(-21 - (-43 + 22)) + 0 + 4
4
24 + (-4 + 5 - 1) + -7
17
What is 13 + (2 - 3 - 2 - 4) + -27?
-21
What is -12 - -8 - -5 - 6?
-5
Calculate -11 - ((4 + 2 - 1) + -1).
-15
Evaluate 53 + -50 - (1 + -9).
11
Evaluate (-2